{"id":237,"date":"2019-07-31T14:17:10","date_gmt":"2019-07-31T14:17:10","guid":{"rendered":"https:\/\/hotel-utopia.com\/index.php\/beach-bar\/"},"modified":"2019-07-31T15:52:07","modified_gmt":"2019-07-31T15:52:07","slug":"beach-bar","status":"publish","type":"page","link":"https:\/\/hotel-utopia.com\/index.php\/beach-bar\/?lang=sq","title":{"rendered":"PLAZH &#038; BAR"},"content":{"rendered":"<div class=\"wpb-content-wrapper\"><p>[vc_row bg_type=&#8221;image&#8221; parallax_style=&#8221;vcpb-default&#8221; bg_image_new=&#8221;id^43|url^https:\/\/hotel-utopia.com\/wp-content\/uploads\/2019\/07\/back-col.jpg|caption^null|alt^null|title^null|description^null&#8221; bg_image_repeat=&#8221;no-repeat&#8221; bg_img_attach=&#8221;fixed&#8221; bg_override=&#8221;ex-full&#8221; css=&#8221;.vc_custom_1564560791075{margin-top: -70px !important;}&#8221;][vc_column width=&#8221;1\/2&#8243; css=&#8221;.vc_custom_1564583119795{background-position: 0 0 !important;background-repeat: no-repeat !important;}&#8221; offset=&#8221;vc_hidden-sm vc_hidden-xs&#8221;][vc_empty_space][vc_single_image image=&#8221;218&#8243; img_size=&#8221;full&#8221; style=&#8221;vc_box_shadow&#8221;][vc_separator color=&#8221;custom&#8221; align=&#8221;align_left&#8221; border_width=&#8221;2&#8243; el_width=&#8221;10&#8243; accent_color=&#8221;#105689&#8243;][vc_custom_heading text=&#8221;RELAKSOHU &amp; SHIJO&#8221; font_container=&#8221;tag:h2|font_size:16|text_align:left&#8221; google_fonts=&#8221;font_family:Roboto%20Condensed%3A300%2C300italic%2Cregular%2Citalic%2C700%2C700italic|font_style:400%20regular%3A400%3Anormal&#8221; css=&#8221;.vc_custom_1564586828795{margin-top: -30px !important;}&#8221;][vc_custom_heading text=&#8221;Mir\u00ebsevini n\u00eb Utopia Hotel Bar&#8221; font_container=&#8221;tag:h2|font_size:46|text_align:left|color:%23333333&#8243; google_fonts=&#8221;font_family:Roboto%20Condensed%3A300%2C300italic%2Cregular%2Citalic%2C700%2C700italic|font_style:700%20bold%20regular%3A700%3Anormal&#8221;][vc_custom_heading text=&#8221;N\u00eb barin ton\u00eb mund t\u00eb shijoni pije t\u00eb ndryshme freskuese. Kaloni nj\u00eb pasdite t\u00eb k\u00ebndshme nd\u00ebrsa shijoni nj\u00eb kafe apo nj\u00eb koktej t\u00eb p\u00ebrgatitur posa\u00e7\u00ebrisht p\u00ebr shijen tuaj.&#8221; font_container=&#8221;tag:p|font_size:20|text_align:left|color:%23333333&#8243; google_fonts=&#8221;font_family:Roboto%20Condensed%3A300%2C300italic%2Cregular%2Citalic%2C700%2C700italic|font_style:300%20light%20regular%3A300%3Anormal&#8221;][\/vc_column][vc_column width=&#8221;1\/2&#8243; offset=&#8221;vc_hidden-sm vc_hidden-xs&#8221;][vc_empty_space height=&#8221;72px&#8221;][vc_separator color=&#8221;custom&#8221; align=&#8221;align_left&#8221; border_width=&#8221;2&#8243; el_width=&#8221;10&#8243; accent_color=&#8221;#105689&#8243;][vc_custom_heading text=&#8221;RELAKSOHUNI N\u00cb PLAZHIN TON\u00cb PRIVAT&#8221; font_container=&#8221;tag:h2|font_size:16|text_align:left&#8221; google_fonts=&#8221;font_family:Roboto%20Condensed%3A300%2C300italic%2Cregular%2Citalic%2C700%2C700italic|font_style:400%20regular%3A400%3Anormal&#8221; css=&#8221;.vc_custom_1564586793279{margin-top: -30px !important;}&#8221;][vc_custom_heading text=&#8221;Utopia Plazh Privat&#8221; font_container=&#8221;tag:h2|font_size:46|text_align:left|color:%23333333&#8243; google_fonts=&#8221;font_family:Roboto%20Condensed%3A300%2C300italic%2Cregular%2Citalic%2C700%2C700italic|font_style:700%20bold%20regular%3A700%3Anormal&#8221;][vc_custom_heading text=&#8221;Shijoni pushimet tuaja n\u00eb nj\u00eb vend relaksues e magjik.&#8221; font_container=&#8221;tag:p|font_size:20|text_align:left|color:%23333333&#8243; google_fonts=&#8221;font_family:Roboto%20Condensed%3A300%2C300italic%2Cregular%2Citalic%2C700%2C700italic|font_style:300%20light%20regular%3A300%3Anormal&#8221;][vc_empty_space height=&#8221;52px&#8221;][vc_single_image image=&#8221;220&#8243; img_size=&#8221;full&#8221; style=&#8221;vc_box_shadow&#8221;][\/vc_column][\/vc_row][vc_row bg_type=&#8221;image&#8221; parallax_style=&#8221;vcpb-default&#8221; bg_image_new=&#8221;id^43|url^https:\/\/hotel-utopia.com\/wp-content\/uploads\/2019\/07\/back-col.jpg|caption^null|alt^null|title^null|description^null&#8221; bg_image_repeat=&#8221;no-repeat&#8221; bg_img_attach=&#8221;fixed&#8221; bg_override=&#8221;ex-full&#8221; css=&#8221;.vc_custom_1564560791075{margin-top: -70px !important;}&#8221;][vc_column width=&#8221;1\/2&#8243; css=&#8221;.vc_custom_1564586877969{background-position: 0 0 !important;background-repeat: no-repeat !important;}&#8221; offset=&#8221;vc_hidden-lg vc_hidden-md&#8221;][vc_empty_space][vc_single_image image=&#8221;220&#8243; img_size=&#8221;full&#8221; style=&#8221;vc_box_shadow&#8221;][vc_empty_space height=&#8221;22px&#8221;][vc_separator color=&#8221;custom&#8221; align=&#8221;align_left&#8221; border_width=&#8221;2&#8243; el_width=&#8221;10&#8243; accent_color=&#8221;#105689&#8243;][vc_custom_heading text=&#8221;RELAKSOHUNI N\u00cb PLAZHIN TON\u00cb PRIVAT&#8221; font_container=&#8221;tag:h2|font_size:16|text_align:left&#8221; google_fonts=&#8221;font_family:Roboto%20Condensed%3A300%2C300italic%2Cregular%2Citalic%2C700%2C700italic|font_style:400%20regular%3A400%3Anormal&#8221; css=&#8221;.vc_custom_1564586860984{margin-top: -30px !important;}&#8221;][vc_custom_heading text=&#8221;Utopia Plazh Privat&#8221; font_container=&#8221;tag:h2|font_size:46|text_align:left|color:%23333333&#8243; google_fonts=&#8221;font_family:Roboto%20Condensed%3A300%2C300italic%2Cregular%2Citalic%2C700%2C700italic|font_style:700%20bold%20regular%3A700%3Anormal&#8221;][vc_custom_heading text=&#8221;Shijoni pushimet tuaja n\u00eb nj\u00eb vend relaksues e magjik.&#8221; font_container=&#8221;tag:p|font_size:20|text_align:left|color:%23333333&#8243; google_fonts=&#8221;font_family:Roboto%20Condensed%3A300%2C300italic%2Cregular%2Citalic%2C700%2C700italic|font_style:300%20light%20regular%3A300%3Anormal&#8221;][\/vc_column][vc_column width=&#8221;1\/2&#8243; offset=&#8221;vc_hidden-lg vc_hidden-md&#8221;][vc_empty_space height=&#8221;72px&#8221;][vc_separator color=&#8221;custom&#8221; align=&#8221;align_left&#8221; border_width=&#8221;2&#8243; el_width=&#8221;10&#8243; accent_color=&#8221;#105689&#8243;][vc_custom_heading text=&#8221;RELAKSOHU &amp; SHIJO&#8221; font_container=&#8221;tag:h2|font_size:16|text_align:left&#8221; google_fonts=&#8221;font_family:Roboto%20Condensed%3A300%2C300italic%2Cregular%2Citalic%2C700%2C700italic|font_style:400%20regular%3A400%3Anormal&#8221; css=&#8221;.vc_custom_1564586885715{margin-top: -30px !important;}&#8221;][vc_custom_heading text=&#8221;Mir\u00ebsevini n\u00eb Utopia Hotel Bar&#8221; font_container=&#8221;tag:h2|font_size:46|text_align:left|color:%23333333&#8243; google_fonts=&#8221;font_family:Roboto%20Condensed%3A300%2C300italic%2Cregular%2Citalic%2C700%2C700italic|font_style:700%20bold%20regular%3A700%3Anormal&#8221;][vc_empty_space][vc_custom_heading text=&#8221;N\u00eb barin ton\u00eb mund t\u00eb shijoni pije t\u00eb ndryshme freskuese. Kaloni nj\u00eb pasdite t\u00eb k\u00ebndshme nd\u00ebrsa shijoni nj\u00eb kafe apo nj\u00eb koktej t\u00eb p\u00ebrgatitur posa\u00e7\u00ebrisht p\u00ebr shijen tuaj.&#8221; font_container=&#8221;tag:p|font_size:20|text_align:left|color:%23333333&#8243; google_fonts=&#8221;font_family:Roboto%20Condensed%3A300%2C300italic%2Cregular%2Citalic%2C700%2C700italic|font_style:300%20light%20regular%3A300%3Anormal&#8221;][vc_empty_space height=&#8221;52px&#8221;][vc_single_image image=&#8221;218&#8243; img_size=&#8221;full&#8221; style=&#8221;vc_box_shadow&#8221;][\/vc_column][\/vc_row]<\/p>\n<\/div>","protected":false},"excerpt":{"rendered":"<p>[vc_row bg_type=&#8221;image&#8221; parallax_style=&#8221;vcpb-default&#8221; bg_image_new=&#8221;id^43|url^https:\/\/hotel-utopia.com\/wp-content\/uploads\/2019\/07\/back-col.jpg|caption^null|alt^null|title^null|description^null&#8221; bg_image_repeat=&#8221;no-repeat&#8221; bg_img_attach=&#8221;fixed&#8221; bg_override=&#8221;ex-full&#8221; css=&#8221;.vc_custom_1564560791075{margin-top: -70px !important;}&#8221;][vc_column width=&#8221;1\/2&#8243; css=&#8221;.vc_custom_1564583119795{background-position: 0 0 !important;background-repeat: no-repeat !important;}&#8221; offset=&#8221;vc_hidden-sm vc_hidden-xs&#8221;][vc_empty_space][vc_single_image image=&#8221;218&#8243; img_size=&#8221;full&#8221; style=&#8221;vc_box_shadow&#8221;][vc_separator color=&#8221;custom&#8221; align=&#8221;align_left&#8221; border_width=&#8221;2&#8243; el_width=&#8221;10&#8243; accent_color=&#8221;#105689&#8243;][vc_custom_heading text=&#8221;RELAKSOHU &amp; SHIJO&#8221; font_container=&#8221;tag:h2|font_size:16|text_align:left&#8221; google_fonts=&#8221;font_family:Roboto%20Condensed%3A300%2C300italic%2Cregular%2Citalic%2C700%2C700italic|font_style:400%20regular%3A400%3Anormal&#8221; css=&#8221;.vc_custom_1564586828795{margin-top: -30px !important;}&#8221;][vc_custom_heading text=&#8221;Mir\u00ebsevini n\u00eb Utopia Hotel Bar&#8221; font_container=&#8221;tag:h2|font_size:46|text_align:left|color:%23333333&#8243; google_fonts=&#8221;font_family:Roboto%20Condensed%3A300%2C300italic%2Cregular%2Citalic%2C700%2C700italic|font_style:700%20bold%20regular%3A700%3Anormal&#8221;][vc_custom_heading text=&#8221;N\u00eb barin ton\u00eb mund t\u00eb shijoni pije t\u00eb ndryshme freskuese. Kaloni nj\u00eb pasdite&hellip;<\/p>\n","protected":false},"author":2,"featured_media":0,"parent":0,"menu_order":0,"comment_status":"closed","ping_status":"closed","template":"","meta":{"footnotes":""},"class_list":["post-237","page","type-page","status-publish","hentry","description-off"],"_links":{"self":[{"href":"https:\/\/hotel-utopia.com\/index.php\/wp-json\/wp\/v2\/pages\/237","targetHints":{"allow":["GET"]}}],"collection":[{"href":"https:\/\/hotel-utopia.com\/index.php\/wp-json\/wp\/v2\/pages"}],"about":[{"href":"https:\/\/hotel-utopia.com\/index.php\/wp-json\/wp\/v2\/types\/page"}],"author":[{"embeddable":true,"href":"https:\/\/hotel-utopia.com\/index.php\/wp-json\/wp\/v2\/users\/2"}],"replies":[{"embeddable":true,"href":"https:\/\/hotel-utopia.com\/index.php\/wp-json\/wp\/v2\/comments?post=237"}],"version-history":[{"count":3,"href":"https:\/\/hotel-utopia.com\/index.php\/wp-json\/wp\/v2\/pages\/237\/revisions"}],"predecessor-version":[{"id":398,"href":"https:\/\/hotel-utopia.com\/index.php\/wp-json\/wp\/v2\/pages\/237\/revisions\/398"}],"wp:attachment":[{"href":"https:\/\/hotel-utopia.com\/index.php\/wp-json\/wp\/v2\/media?parent=237"}],"curies":[{"name":"wp","href":"https:\/\/api.w.org\/{rel}","templated":true}]}}